{"id":599,"date":"2022-05-18T11:03:13","date_gmt":"2022-05-18T16:03:13","guid":{"rendered":"https:\/\/inclusion-lgbtq2.ca\/?post_type=formation&#038;p=599"},"modified":"2022-05-18T11:03:14","modified_gmt":"2022-05-18T16:03:14","slug":"atelier-de-demystification","status":"publish","type":"formation","link":"https:\/\/inclusion-lgbtq2.ca\/en\/formation\/atelier-de-demystification\/","title":{"rendered":"Atelier de d\u00e9mystification"},"content":{"rendered":"\n<p>Cet atelier constitue une rencontre privil\u00e9gi\u00e9e entre des \u00e9l\u00e8ves et deux de nos animateur.trice.s issu.e.s de la diversit\u00e9 sexuelle et de genre qui partagent leur v\u00e9cu, questionnements et exp\u00e9riences, dans un \u00e9change empreint de tol\u00e9rance, d\u2019ouverture et d\u2019acceptation de soi.<\/p>\n","protected":false},"featured_media":0,"template":"","categories":[12],"tags":[21,29,17,28],"class_list":["post-599","formation","type-formation","status-publish","hentry","category-presentielle","tag-21","tag-identite-de-genre","tag-lgbt","tag-orientation-sexuelle"],"acf":[],"yoast_head":"<!-- This site is optimized with the Yoast SEO plugin v27.0 - https:\/\/yoast.com\/product\/yoast-seo-wordpress\/ -->\n<title>Inclusion LGBTQ2+ | Formation et sensibilisation LGBTQ2+ au Qu\u00e9bec<\/title>\n<meta name=\"description\" content=\"Trouvez une activit\u00e9 de formation ou de sensibilisation sur les enjeux LGBTQ2+ adapt\u00e9e \u00e0 votre milieu et \u00e0 vos besoins!\" \/>\n<meta name=\"robots\" content=\"index, follow, max-snippet:-1, max-image-preview:large, max-video-preview:-1\" \/>\n<link rel=\"canonical\" href=\"https:\/\/inclusion-lgbtq2.ca\/en\/formation\/atelier-de-demystification\/\" \/>\n<meta property=\"og:locale\" content=\"en_US\" \/>\n<meta property=\"og:type\" content=\"article\" \/>\n<meta property=\"og:title\" content=\"Inclusion LGBTQ2+ | Formation et sensibilisation LGBTQ2+ au Qu\u00e9bec\" \/>\n<meta property=\"og:description\" content=\"Trouvez une activit\u00e9 de formation ou de sensibilisation sur les enjeux LGBTQ2+ adapt\u00e9e \u00e0 votre milieu et \u00e0 vos besoins!\" \/>\n<meta property=\"og:url\" content=\"https:\/\/inclusion-lgbtq2.ca\/en\/formation\/atelier-de-demystification\/\" \/>\n<meta property=\"og:site_name\" content=\"Inclusion LGBTQ2+\" \/>\n<meta property=\"article:publisher\" content=\"https:\/\/www.facebook.com\/CQLGBT\" \/>\n<meta property=\"article:modified_time\" content=\"2022-05-18T16:03:14+00:00\" \/>\n<meta name=\"twitter:card\" content=\"summary_large_image\" \/>\n<meta name=\"twitter:label1\" content=\"Est. reading time\" \/>\n\t<meta name=\"twitter:data1\" content=\"1 minute\" \/>\n<script type=\"application\/ld+json\" class=\"yoast-schema-graph\">{\"@context\":\"https:\/\/schema.org\",\"@graph\":[{\"@type\":\"WebPage\",\"@id\":\"https:\/\/inclusion-lgbtq2.ca\/en\/formation\/atelier-de-demystification\/\",\"url\":\"https:\/\/inclusion-lgbtq2.ca\/en\/formation\/atelier-de-demystification\/\",\"name\":\"Inclusion LGBTQ2+ | Formation et sensibilisation LGBTQ2+ au Qu\u00e9bec\",\"isPartOf\":{\"@id\":\"https:\/\/inclusion-lgbtq2.ca\/en\/#website\"},\"datePublished\":\"2022-05-18T16:03:13+00:00\",\"dateModified\":\"2022-05-18T16:03:14+00:00\",\"description\":\"Trouvez une activit\u00e9 de formation ou de sensibilisation sur les enjeux LGBTQ2+ adapt\u00e9e \u00e0 votre milieu et \u00e0 vos besoins!\",\"breadcrumb\":{\"@id\":\"https:\/\/inclusion-lgbtq2.ca\/en\/formation\/atelier-de-demystification\/#breadcrumb\"},\"inLanguage\":\"en-US\",\"potentialAction\":[{\"@type\":\"ReadAction\",\"target\":[\"https:\/\/inclusion-lgbtq2.ca\/en\/formation\/atelier-de-demystification\/\"]}]},{\"@type\":\"BreadcrumbList\",\"@id\":\"https:\/\/inclusion-lgbtq2.ca\/en\/formation\/atelier-de-demystification\/#breadcrumb\",\"itemListElement\":[{\"@type\":\"ListItem\",\"position\":1,\"name\":\"Accueil\",\"item\":\"https:\/\/inclusion-lgbtq2.ca\/en\/\"},{\"@type\":\"ListItem\",\"position\":2,\"name\":\"Atelier de d\u00e9mystification\"}]},{\"@type\":\"WebSite\",\"@id\":\"https:\/\/inclusion-lgbtq2.ca\/en\/#website\",\"url\":\"https:\/\/inclusion-lgbtq2.ca\/en\/\",\"name\":\"Inclusion LGBTQ2+\",\"description\":\"Le r\u00e9pertoire des activit\u00e9s de formation et de sensibilisation aux r\u00e9alit\u00e9s LGBTQ2+ au Qu\u00e9bec\",\"publisher\":{\"@id\":\"https:\/\/inclusion-lgbtq2.ca\/en\/#organization\"},\"potentialAction\":[{\"@type\":\"SearchAction\",\"target\":{\"@type\":\"EntryPoint\",\"urlTemplate\":\"https:\/\/inclusion-lgbtq2.ca\/en\/?s={search_term_string}\"},\"query-input\":{\"@type\":\"PropertyValueSpecification\",\"valueRequired\":true,\"valueName\":\"search_term_string\"}}],\"inLanguage\":\"en-US\"},{\"@type\":\"Organization\",\"@id\":\"https:\/\/inclusion-lgbtq2.ca\/en\/#organization\",\"name\":\"Inclusion LGBTQ2+\",\"url\":\"https:\/\/inclusion-lgbtq2.ca\/en\/\",\"logo\":{\"@type\":\"ImageObject\",\"inLanguage\":\"en-US\",\"@id\":\"https:\/\/inclusion-lgbtq2.ca\/en\/#\/schema\/logo\/image\/\",\"url\":\"https:\/\/inclusion-lgbtq2.ca\/wp-content\/uploads\/2022\/04\/Inclusion-LGBTQ2_Noir_RVB-1.svg\",\"contentUrl\":\"https:\/\/inclusion-lgbtq2.ca\/wp-content\/uploads\/2022\/04\/Inclusion-LGBTQ2_Noir_RVB-1.svg\",\"width\":\"1024\",\"height\":\"1024\",\"caption\":\"Inclusion LGBTQ2+\"},\"image\":{\"@id\":\"https:\/\/inclusion-lgbtq2.ca\/en\/#\/schema\/logo\/image\/\"},\"sameAs\":[\"https:\/\/www.facebook.com\/CQLGBT\",\"https:\/\/www.instagram.com\/conseilquebecoislgbt\/\",\"https:\/\/www.linkedin.com\/company\/cq-lgbt\/?viewAsMember=true\"]}]}<\/script>\n<!-- \/ Yoast SEO plugin. -->","yoast_head_json":{"title":"Inclusion LGBTQ2+ | Formation et sensibilisation LGBTQ2+ au Qu\u00e9bec","description":"Trouvez une activit\u00e9 de formation ou de sensibilisation sur les enjeux LGBTQ2+ adapt\u00e9e \u00e0 votre milieu et \u00e0 vos besoins!","robots":{"index":"index","follow":"follow","max-snippet":"max-snippet:-1","max-image-preview":"max-image-preview:large","max-video-preview":"max-video-preview:-1"},"canonical":"https:\/\/inclusion-lgbtq2.ca\/en\/formation\/atelier-de-demystification\/","og_locale":"en_US","og_type":"article","og_title":"Inclusion LGBTQ2+ | Formation et sensibilisation LGBTQ2+ au Qu\u00e9bec","og_description":"Trouvez une activit\u00e9 de formation ou de sensibilisation sur les enjeux LGBTQ2+ adapt\u00e9e \u00e0 votre milieu et \u00e0 vos besoins!","og_url":"https:\/\/inclusion-lgbtq2.ca\/en\/formation\/atelier-de-demystification\/","og_site_name":"Inclusion LGBTQ2+","article_publisher":"https:\/\/www.facebook.com\/CQLGBT","article_modified_time":"2022-05-18T16:03:14+00:00","twitter_card":"summary_large_image","twitter_misc":{"Est. reading time":"1 minute"},"schema":{"@context":"https:\/\/schema.org","@graph":[{"@type":"WebPage","@id":"https:\/\/inclusion-lgbtq2.ca\/en\/formation\/atelier-de-demystification\/","url":"https:\/\/inclusion-lgbtq2.ca\/en\/formation\/atelier-de-demystification\/","name":"Inclusion LGBTQ2+ | Formation et sensibilisation LGBTQ2+ au Qu\u00e9bec","isPartOf":{"@id":"https:\/\/inclusion-lgbtq2.ca\/en\/#website"},"datePublished":"2022-05-18T16:03:13+00:00","dateModified":"2022-05-18T16:03:14+00:00","description":"Trouvez une activit\u00e9 de formation ou de sensibilisation sur les enjeux LGBTQ2+ adapt\u00e9e \u00e0 votre milieu et \u00e0 vos besoins!","breadcrumb":{"@id":"https:\/\/inclusion-lgbtq2.ca\/en\/formation\/atelier-de-demystification\/#breadcrumb"},"inLanguage":"en-US","potentialAction":[{"@type":"ReadAction","target":["https:\/\/inclusion-lgbtq2.ca\/en\/formation\/atelier-de-demystification\/"]}]},{"@type":"BreadcrumbList","@id":"https:\/\/inclusion-lgbtq2.ca\/en\/formation\/atelier-de-demystification\/#breadcrumb","itemListElement":[{"@type":"ListItem","position":1,"name":"Accueil","item":"https:\/\/inclusion-lgbtq2.ca\/en\/"},{"@type":"ListItem","position":2,"name":"Atelier de d\u00e9mystification"}]},{"@type":"WebSite","@id":"https:\/\/inclusion-lgbtq2.ca\/en\/#website","url":"https:\/\/inclusion-lgbtq2.ca\/en\/","name":"Inclusion LGBTQ2+","description":"Le r\u00e9pertoire des activit\u00e9s de formation et de sensibilisation aux r\u00e9alit\u00e9s LGBTQ2+ au Qu\u00e9bec","publisher":{"@id":"https:\/\/inclusion-lgbtq2.ca\/en\/#organization"},"potentialAction":[{"@type":"SearchAction","target":{"@type":"EntryPoint","urlTemplate":"https:\/\/inclusion-lgbtq2.ca\/en\/?s={search_term_string}"},"query-input":{"@type":"PropertyValueSpecification","valueRequired":true,"valueName":"search_term_string"}}],"inLanguage":"en-US"},{"@type":"Organization","@id":"https:\/\/inclusion-lgbtq2.ca\/en\/#organization","name":"Inclusion LGBTQ2+","url":"https:\/\/inclusion-lgbtq2.ca\/en\/","logo":{"@type":"ImageObject","inLanguage":"en-US","@id":"https:\/\/inclusion-lgbtq2.ca\/en\/#\/schema\/logo\/image\/","url":"https:\/\/inclusion-lgbtq2.ca\/wp-content\/uploads\/2022\/04\/Inclusion-LGBTQ2_Noir_RVB-1.svg","contentUrl":"https:\/\/inclusion-lgbtq2.ca\/wp-content\/uploads\/2022\/04\/Inclusion-LGBTQ2_Noir_RVB-1.svg","width":"1024","height":"1024","caption":"Inclusion LGBTQ2+"},"image":{"@id":"https:\/\/inclusion-lgbtq2.ca\/en\/#\/schema\/logo\/image\/"},"sameAs":["https:\/\/www.facebook.com\/CQLGBT","https:\/\/www.instagram.com\/conseilquebecoislgbt\/","https:\/\/www.linkedin.com\/company\/cq-lgbt\/?viewAsMember=true"]}]}},"_links":{"self":[{"href":"https:\/\/inclusion-lgbtq2.ca\/en\/wp-json\/wp\/v2\/formation\/599","targetHints":{"allow":["GET"]}}],"collection":[{"href":"https:\/\/inclusion-lgbtq2.ca\/en\/wp-json\/wp\/v2\/formation"}],"about":[{"href":"https:\/\/inclusion-lgbtq2.ca\/en\/wp-json\/wp\/v2\/types\/formation"}],"wp:attachment":[{"href":"https:\/\/inclusion-lgbtq2.ca\/en\/wp-json\/wp\/v2\/media?parent=599"}],"wp:term":[{"taxonomy":"category","embeddable":true,"href":"https:\/\/inclusion-lgbtq2.ca\/en\/wp-json\/wp\/v2\/categories?post=599"},{"taxonomy":"post_tag","embeddable":true,"href":"https:\/\/inclusion-lgbtq2.ca\/en\/wp-json\/wp\/v2\/tags?post=599"}],"curies":[{"name":"wp","href":"https:\/\/api.w.org\/{rel}","templated":true}]}}

Atelier de démystification

<p>Cet atelier constitue une rencontre privilégiée entre des élèves et deux de nos animateur.trice.s issu.e.s de la diversité sexuelle et de genre qui partagent leur vécu, questionnements et expériences, dans un échange empreint de tolérance, d’ouverture et d’acceptation de soi.</p>

<!-- This site is optimized with the Yoast SEO plugin v27.0 - https://yoast.com/product/yoast-seo-wordpress/ -->
<title>Inclusion LGBTQ2+ | Formation et sensibilisation LGBTQ2+ au Québec</title>
<meta name="description" content="Trouvez une activité de formation ou de sensibilisation sur les enjeux LGBTQ2+ adaptée à votre milieu et à vos besoins!" />
<meta name="robots" content="index, follow, max-snippet:-1, max-image-preview:large, max-video-preview:-1" />
<link rel="canonical" href="https://inclusion-lgbtq2.ca/en/formation/atelier-de-demystification/" />
<meta property="og:locale" content="en_US" />
<meta property="og:type" content="article" />
<meta property="og:title" content="Inclusion LGBTQ2+ | Formation et sensibilisation LGBTQ2+ au Québec" />
<meta property="og:description" content="Trouvez une activité de formation ou de sensibilisation sur les enjeux LGBTQ2+ adaptée à votre milieu et à vos besoins!" />
<meta property="og:url" content="https://inclusion-lgbtq2.ca/en/formation/atelier-de-demystification/" />
<meta property="og:site_name" content="Inclusion LGBTQ2+" />
<meta property="article:publisher" content="https://www.facebook.com/CQLGBT" />
<meta property="article:modified_time" content="2022-05-18T16:03:14+00:00" />
<meta name="twitter:card" content="summary_large_image" />
<meta name="twitter:label1" content="Est. reading time" />
	<meta name="twitter:data1" content="1 minute" />
<script type="application/ld+json" class="yoast-schema-graph">{"@context":"https://schema.org","@graph":[{"@type":"WebPage","@id":"https://inclusion-lgbtq2.ca/en/formation/atelier-de-demystification/","url":"https://inclusion-lgbtq2.ca/en/formation/atelier-de-demystification/","name":"Inclusion LGBTQ2+ | Formation et sensibilisation LGBTQ2+ au Québec","isPartOf":{"@id":"https://inclusion-lgbtq2.ca/en/#website"},"datePublished":"2022-05-18T16:03:13+00:00","dateModified":"2022-05-18T16:03:14+00:00","description":"Trouvez une activité de formation ou de sensibilisation sur les enjeux LGBTQ2+ adaptée à votre milieu et à vos besoins!","breadcrumb":{"@id":"https://inclusion-lgbtq2.ca/en/formation/atelier-de-demystification/#breadcrumb"},"inLanguage":"en-US","potentialAction":[{"@type":"ReadAction","target":["https://inclusion-lgbtq2.ca/en/formation/atelier-de-demystification/"]}]},{"@type":"BreadcrumbList","@id":"https://inclusion-lgbtq2.ca/en/formation/atelier-de-demystification/#breadcrumb","itemListElement":[{"@type":"ListItem","position":1,"name":"Accueil","item":"https://inclusion-lgbtq2.ca/en/"},{"@type":"ListItem","position":2,"name":"Atelier de démystification"}]},{"@type":"WebSite","@id":"https://inclusion-lgbtq2.ca/en/#website","url":"https://inclusion-lgbtq2.ca/en/","name":"Inclusion LGBTQ2+","description":"Le répertoire des activités de formation et de sensibilisation aux réalités LGBTQ2+ au Québec","publisher":{"@id":"https://inclusion-lgbtq2.ca/en/#organization"},"potentialAction":[{"@type":"SearchAction","target":{"@type":"EntryPoint","urlTemplate":"https://inclusion-lgbtq2.ca/en/?s={search_term_string}"},"query-input":{"@type":"PropertyValueSpecification","valueRequired":true,"valueName":"search_term_string"}}],"inLanguage":"en-US"},{"@type":"Organization","@id":"https://inclusion-lgbtq2.ca/en/#organization","name":"Inclusion LGBTQ2+","url":"https://inclusion-lgbtq2.ca/en/","logo":{"@type":"ImageObject","inLanguage":"en-US","@id":"https://inclusion-lgbtq2.ca/en/#/schema/logo/image/","url":"https://inclusion-lgbtq2.ca/wp-content/uploads/2022/04/Inclusion-LGBTQ2_Noir_RVB-1.svg","contentUrl":"https://inclusion-lgbtq2.ca/wp-content/uploads/2022/04/Inclusion-LGBTQ2_Noir_RVB-1.svg","width":"1024","height":"1024","caption":"Inclusion LGBTQ2+"},"image":{"@id":"https://inclusion-lgbtq2.ca/en/#/schema/logo/image/"},"sameAs":["https://www.facebook.com/CQLGBT","https://www.instagram.com/conseilquebecoislgbt/","https://www.linkedin.com/company/cq-lgbt/?viewAsMember=true"]}]}</script>
<!-- / Yoast SEO plugin. -->

Inclusion LGBTQ2+ | Formation et sensibilisation LGBTQ2+ au Québec

Trouvez une activité de formation ou de sensibilisation sur les enjeux LGBTQ2+ adaptée à votre milieu et à vos besoins!

Le répertoire des activités de formation et de sensibilisation aux réalités LGBTQ2+ au Québec
