{"id":472,"date":"2022-04-27T14:54:12","date_gmt":"2022-04-27T19:54:12","guid":{"rendered":"https:\/\/lgbtq.versionbeta.ca\/?post_type=formation&#038;p=472"},"modified":"2022-05-06T08:16:51","modified_gmt":"2022-05-06T13:16:51","slug":"atelier-de-sensibilisation-aux-experiences-des-hommes-trans-et-personnes-transmasculines","status":"publish","type":"formation","link":"https:\/\/inclusion-lgbtq2.ca\/en\/formation\/atelier-de-sensibilisation-aux-experiences-des-hommes-trans-et-personnes-transmasculines\/","title":{"rendered":"Atelier de sensibilisation aux exp\u00e9riences des hommes trans et personnes transmasculines"},"content":{"rendered":"\n<p>Apprivoiser les diff\u00e9rents termes reli\u00e9es \u00e0 la diversit\u00e9 sexuelle et de genre. Diff\u00e9rencier les parcours de transition (social, l\u00e9gal et m\u00e9dical)\/D\u00e9finir la transphobie. Reconna\u00eetre les manifestations transphobes. Nommer les cons\u00e9quences possibles de la transphobie. R\u00e9fl\u00e9chir \u00e0 des interventions en lien avec des manifestations transphobes. Identifier et discuter des biais personnels reli\u00e9s aux diversit\u00e9s sexuelles et de genre. Imbriquer le savoir, savoir-faire et savoir-\u00eatre pour intervenir aupr\u00e8s des hommes trans. R\u00e9pondre \u00e0 vos questionnements plus pr\u00e9cis. Amorcer une r\u00e9flexion afin de cr\u00e9er un safer space pour les personnes trans au sein de votre organisme ou \u00e9tablissement.<\/p>\n","protected":false},"featured_media":0,"template":"","categories":[12],"tags":[19,18,22],"class_list":["post-472","formation","type-formation","status-publish","hentry","category-presentielle","tag-non-binaire","tag-trans","tag-transgenre"],"acf":[],"yoast_head":"<!-- This site is optimized with the Yoast SEO plugin v27.0 - https:\/\/yoast.com\/product\/yoast-seo-wordpress\/ -->\n<title>Inclusion LGBTQ2+ | Formation et sensibilisation LGBTQ2+ au Qu\u00e9bec<\/title>\n<meta name=\"description\" content=\"Trouvez une activit\u00e9 de formation ou de sensibilisation sur les enjeux LGBTQ2+ adapt\u00e9e \u00e0 votre milieu et \u00e0 vos besoins!\" \/>\n<meta name=\"robots\" content=\"index, follow, max-snippet:-1, max-image-preview:large, max-video-preview:-1\" \/>\n<link rel=\"canonical\" href=\"https:\/\/inclusion-lgbtq2.ca\/en\/formation\/atelier-de-sensibilisation-aux-experiences-des-hommes-trans-et-personnes-transmasculines\/\" \/>\n<meta property=\"og:locale\" content=\"en_US\" \/>\n<meta property=\"og:type\" content=\"article\" \/>\n<meta property=\"og:title\" content=\"Inclusion LGBTQ2+ | Formation et sensibilisation LGBTQ2+ au Qu\u00e9bec\" \/>\n<meta property=\"og:description\" content=\"Trouvez une activit\u00e9 de formation ou de sensibilisation sur les enjeux LGBTQ2+ adapt\u00e9e \u00e0 votre milieu et \u00e0 vos besoins!\" \/>\n<meta property=\"og:url\" content=\"https:\/\/inclusion-lgbtq2.ca\/en\/formation\/atelier-de-sensibilisation-aux-experiences-des-hommes-trans-et-personnes-transmasculines\/\" \/>\n<meta property=\"og:site_name\" content=\"Inclusion LGBTQ2+\" \/>\n<meta property=\"article:publisher\" content=\"https:\/\/www.facebook.com\/CQLGBT\" \/>\n<meta property=\"article:modified_time\" content=\"2022-05-06T13:16:51+00:00\" \/>\n<meta name=\"twitter:card\" content=\"summary_large_image\" \/>\n<meta name=\"twitter:label1\" content=\"Est. reading time\" \/>\n\t<meta name=\"twitter:data1\" content=\"1 minute\" \/>\n<script type=\"application\/ld+json\" class=\"yoast-schema-graph\">{\"@context\":\"https:\/\/schema.org\",\"@graph\":[{\"@type\":\"WebPage\",\"@id\":\"https:\/\/inclusion-lgbtq2.ca\/en\/formation\/atelier-de-sensibilisation-aux-experiences-des-hommes-trans-et-personnes-transmasculines\/\",\"url\":\"https:\/\/inclusion-lgbtq2.ca\/en\/formation\/atelier-de-sensibilisation-aux-experiences-des-hommes-trans-et-personnes-transmasculines\/\",\"name\":\"Inclusion LGBTQ2+ | Formation et sensibilisation LGBTQ2+ au Qu\u00e9bec\",\"isPartOf\":{\"@id\":\"https:\/\/inclusion-lgbtq2.ca\/en\/#website\"},\"datePublished\":\"2022-04-27T19:54:12+00:00\",\"dateModified\":\"2022-05-06T13:16:51+00:00\",\"description\":\"Trouvez une activit\u00e9 de formation ou de sensibilisation sur les enjeux LGBTQ2+ adapt\u00e9e \u00e0 votre milieu et \u00e0 vos besoins!\",\"breadcrumb\":{\"@id\":\"https:\/\/inclusion-lgbtq2.ca\/en\/formation\/atelier-de-sensibilisation-aux-experiences-des-hommes-trans-et-personnes-transmasculines\/#breadcrumb\"},\"inLanguage\":\"en-US\",\"potentialAction\":[{\"@type\":\"ReadAction\",\"target\":[\"https:\/\/inclusion-lgbtq2.ca\/en\/formation\/atelier-de-sensibilisation-aux-experiences-des-hommes-trans-et-personnes-transmasculines\/\"]}]},{\"@type\":\"BreadcrumbList\",\"@id\":\"https:\/\/inclusion-lgbtq2.ca\/en\/formation\/atelier-de-sensibilisation-aux-experiences-des-hommes-trans-et-personnes-transmasculines\/#breadcrumb\",\"itemListElement\":[{\"@type\":\"ListItem\",\"position\":1,\"name\":\"Accueil\",\"item\":\"https:\/\/inclusion-lgbtq2.ca\/en\/\"},{\"@type\":\"ListItem\",\"position\":2,\"name\":\"Atelier de sensibilisation aux exp\u00e9riences des hommes trans et personnes transmasculines\"}]},{\"@type\":\"WebSite\",\"@id\":\"https:\/\/inclusion-lgbtq2.ca\/en\/#website\",\"url\":\"https:\/\/inclusion-lgbtq2.ca\/en\/\",\"name\":\"Inclusion LGBTQ2+\",\"description\":\"Le r\u00e9pertoire des activit\u00e9s de formation et de sensibilisation aux r\u00e9alit\u00e9s LGBTQ2+ au Qu\u00e9bec\",\"publisher\":{\"@id\":\"https:\/\/inclusion-lgbtq2.ca\/en\/#organization\"},\"potentialAction\":[{\"@type\":\"SearchAction\",\"target\":{\"@type\":\"EntryPoint\",\"urlTemplate\":\"https:\/\/inclusion-lgbtq2.ca\/en\/?s={search_term_string}\"},\"query-input\":{\"@type\":\"PropertyValueSpecification\",\"valueRequired\":true,\"valueName\":\"search_term_string\"}}],\"inLanguage\":\"en-US\"},{\"@type\":\"Organization\",\"@id\":\"https:\/\/inclusion-lgbtq2.ca\/en\/#organization\",\"name\":\"Inclusion LGBTQ2+\",\"url\":\"https:\/\/inclusion-lgbtq2.ca\/en\/\",\"logo\":{\"@type\":\"ImageObject\",\"inLanguage\":\"en-US\",\"@id\":\"https:\/\/inclusion-lgbtq2.ca\/en\/#\/schema\/logo\/image\/\",\"url\":\"https:\/\/inclusion-lgbtq2.ca\/wp-content\/uploads\/2022\/04\/Inclusion-LGBTQ2_Noir_RVB-1.svg\",\"contentUrl\":\"https:\/\/inclusion-lgbtq2.ca\/wp-content\/uploads\/2022\/04\/Inclusion-LGBTQ2_Noir_RVB-1.svg\",\"width\":\"1024\",\"height\":\"1024\",\"caption\":\"Inclusion LGBTQ2+\"},\"image\":{\"@id\":\"https:\/\/inclusion-lgbtq2.ca\/en\/#\/schema\/logo\/image\/\"},\"sameAs\":[\"https:\/\/www.facebook.com\/CQLGBT\",\"https:\/\/www.instagram.com\/conseilquebecoislgbt\/\",\"https:\/\/www.linkedin.com\/company\/cq-lgbt\/?viewAsMember=true\"]}]}<\/script>\n<!-- \/ Yoast SEO plugin. -->","yoast_head_json":{"title":"Inclusion LGBTQ2+ | Formation et sensibilisation LGBTQ2+ au Qu\u00e9bec","description":"Trouvez une activit\u00e9 de formation ou de sensibilisation sur les enjeux LGBTQ2+ adapt\u00e9e \u00e0 votre milieu et \u00e0 vos besoins!","robots":{"index":"index","follow":"follow","max-snippet":"max-snippet:-1","max-image-preview":"max-image-preview:large","max-video-preview":"max-video-preview:-1"},"canonical":"https:\/\/inclusion-lgbtq2.ca\/en\/formation\/atelier-de-sensibilisation-aux-experiences-des-hommes-trans-et-personnes-transmasculines\/","og_locale":"en_US","og_type":"article","og_title":"Inclusion LGBTQ2+ | Formation et sensibilisation LGBTQ2+ au Qu\u00e9bec","og_description":"Trouvez une activit\u00e9 de formation ou de sensibilisation sur les enjeux LGBTQ2+ adapt\u00e9e \u00e0 votre milieu et \u00e0 vos besoins!","og_url":"https:\/\/inclusion-lgbtq2.ca\/en\/formation\/atelier-de-sensibilisation-aux-experiences-des-hommes-trans-et-personnes-transmasculines\/","og_site_name":"Inclusion LGBTQ2+","article_publisher":"https:\/\/www.facebook.com\/CQLGBT","article_modified_time":"2022-05-06T13:16:51+00:00","twitter_card":"summary_large_image","twitter_misc":{"Est. reading time":"1 minute"},"schema":{"@context":"https:\/\/schema.org","@graph":[{"@type":"WebPage","@id":"https:\/\/inclusion-lgbtq2.ca\/en\/formation\/atelier-de-sensibilisation-aux-experiences-des-hommes-trans-et-personnes-transmasculines\/","url":"https:\/\/inclusion-lgbtq2.ca\/en\/formation\/atelier-de-sensibilisation-aux-experiences-des-hommes-trans-et-personnes-transmasculines\/","name":"Inclusion LGBTQ2+ | Formation et sensibilisation LGBTQ2+ au Qu\u00e9bec","isPartOf":{"@id":"https:\/\/inclusion-lgbtq2.ca\/en\/#website"},"datePublished":"2022-04-27T19:54:12+00:00","dateModified":"2022-05-06T13:16:51+00:00","description":"Trouvez une activit\u00e9 de formation ou de sensibilisation sur les enjeux LGBTQ2+ adapt\u00e9e \u00e0 votre milieu et \u00e0 vos besoins!","breadcrumb":{"@id":"https:\/\/inclusion-lgbtq2.ca\/en\/formation\/atelier-de-sensibilisation-aux-experiences-des-hommes-trans-et-personnes-transmasculines\/#breadcrumb"},"inLanguage":"en-US","potentialAction":[{"@type":"ReadAction","target":["https:\/\/inclusion-lgbtq2.ca\/en\/formation\/atelier-de-sensibilisation-aux-experiences-des-hommes-trans-et-personnes-transmasculines\/"]}]},{"@type":"BreadcrumbList","@id":"https:\/\/inclusion-lgbtq2.ca\/en\/formation\/atelier-de-sensibilisation-aux-experiences-des-hommes-trans-et-personnes-transmasculines\/#breadcrumb","itemListElement":[{"@type":"ListItem","position":1,"name":"Accueil","item":"https:\/\/inclusion-lgbtq2.ca\/en\/"},{"@type":"ListItem","position":2,"name":"Atelier de sensibilisation aux exp\u00e9riences des hommes trans et personnes transmasculines"}]},{"@type":"WebSite","@id":"https:\/\/inclusion-lgbtq2.ca\/en\/#website","url":"https:\/\/inclusion-lgbtq2.ca\/en\/","name":"Inclusion LGBTQ2+","description":"Le r\u00e9pertoire des activit\u00e9s de formation et de sensibilisation aux r\u00e9alit\u00e9s LGBTQ2+ au Qu\u00e9bec","publisher":{"@id":"https:\/\/inclusion-lgbtq2.ca\/en\/#organization"},"potentialAction":[{"@type":"SearchAction","target":{"@type":"EntryPoint","urlTemplate":"https:\/\/inclusion-lgbtq2.ca\/en\/?s={search_term_string}"},"query-input":{"@type":"PropertyValueSpecification","valueRequired":true,"valueName":"search_term_string"}}],"inLanguage":"en-US"},{"@type":"Organization","@id":"https:\/\/inclusion-lgbtq2.ca\/en\/#organization","name":"Inclusion LGBTQ2+","url":"https:\/\/inclusion-lgbtq2.ca\/en\/","logo":{"@type":"ImageObject","inLanguage":"en-US","@id":"https:\/\/inclusion-lgbtq2.ca\/en\/#\/schema\/logo\/image\/","url":"https:\/\/inclusion-lgbtq2.ca\/wp-content\/uploads\/2022\/04\/Inclusion-LGBTQ2_Noir_RVB-1.svg","contentUrl":"https:\/\/inclusion-lgbtq2.ca\/wp-content\/uploads\/2022\/04\/Inclusion-LGBTQ2_Noir_RVB-1.svg","width":"1024","height":"1024","caption":"Inclusion LGBTQ2+"},"image":{"@id":"https:\/\/inclusion-lgbtq2.ca\/en\/#\/schema\/logo\/image\/"},"sameAs":["https:\/\/www.facebook.com\/CQLGBT","https:\/\/www.instagram.com\/conseilquebecoislgbt\/","https:\/\/www.linkedin.com\/company\/cq-lgbt\/?viewAsMember=true"]}]}},"_links":{"self":[{"href":"https:\/\/inclusion-lgbtq2.ca\/en\/wp-json\/wp\/v2\/formation\/472","targetHints":{"allow":["GET"]}}],"collection":[{"href":"https:\/\/inclusion-lgbtq2.ca\/en\/wp-json\/wp\/v2\/formation"}],"about":[{"href":"https:\/\/inclusion-lgbtq2.ca\/en\/wp-json\/wp\/v2\/types\/formation"}],"wp:attachment":[{"href":"https:\/\/inclusion-lgbtq2.ca\/en\/wp-json\/wp\/v2\/media?parent=472"}],"wp:term":[{"taxonomy":"category","embeddable":true,"href":"https:\/\/inclusion-lgbtq2.ca\/en\/wp-json\/wp\/v2\/categories?post=472"},{"taxonomy":"post_tag","embeddable":true,"href":"https:\/\/inclusion-lgbtq2.ca\/en\/wp-json\/wp\/v2\/tags?post=472"}],"curies":[{"name":"wp","href":"https:\/\/api.w.org\/{rel}","templated":true}]}}

Atelier de sensibilisation aux expériences des hommes trans et personnes transmasculines

<p>Apprivoiser les différents termes reliées à la diversité sexuelle et de genre. Différencier les parcours de transition (social, légal et médical)/Définir la transphobie. Reconnaître les manifestations transphobes. Nommer les conséquences possibles de la transphobie. Réfléchir à des interventions en lien avec des manifestations transphobes. Identifier et discuter des biais personnels reliés aux diversités sexuelles et de genre. Imbriquer le savoir, savoir-faire et savoir-être pour intervenir auprès des hommes trans. Répondre à vos questionnements plus précis. Amorcer une réflexion afin de créer un safer space pour les personnes trans au sein de votre organisme ou établissement.</p>

<!-- This site is optimized with the Yoast SEO plugin v27.0 - https://yoast.com/product/yoast-seo-wordpress/ -->
<title>Inclusion LGBTQ2+ | Formation et sensibilisation LGBTQ2+ au Québec</title>
<meta name="description" content="Trouvez une activité de formation ou de sensibilisation sur les enjeux LGBTQ2+ adaptée à votre milieu et à vos besoins!" />
<meta name="robots" content="index, follow, max-snippet:-1, max-image-preview:large, max-video-preview:-1" />
<link rel="canonical" href="https://inclusion-lgbtq2.ca/en/formation/atelier-de-sensibilisation-aux-experiences-des-hommes-trans-et-personnes-transmasculines/" />
<meta property="og:locale" content="en_US" />
<meta property="og:type" content="article" />
<meta property="og:title" content="Inclusion LGBTQ2+ | Formation et sensibilisation LGBTQ2+ au Québec" />
<meta property="og:description" content="Trouvez une activité de formation ou de sensibilisation sur les enjeux LGBTQ2+ adaptée à votre milieu et à vos besoins!" />
<meta property="og:url" content="https://inclusion-lgbtq2.ca/en/formation/atelier-de-sensibilisation-aux-experiences-des-hommes-trans-et-personnes-transmasculines/" />
<meta property="og:site_name" content="Inclusion LGBTQ2+" />
<meta property="article:publisher" content="https://www.facebook.com/CQLGBT" />
<meta property="article:modified_time" content="2022-05-06T13:16:51+00:00" />
<meta name="twitter:card" content="summary_large_image" />
<meta name="twitter:label1" content="Est. reading time" />
	<meta name="twitter:data1" content="1 minute" />
<script type="application/ld+json" class="yoast-schema-graph">{"@context":"https://schema.org","@graph":[{"@type":"WebPage","@id":"https://inclusion-lgbtq2.ca/en/formation/atelier-de-sensibilisation-aux-experiences-des-hommes-trans-et-personnes-transmasculines/","url":"https://inclusion-lgbtq2.ca/en/formation/atelier-de-sensibilisation-aux-experiences-des-hommes-trans-et-personnes-transmasculines/","name":"Inclusion LGBTQ2+ | Formation et sensibilisation LGBTQ2+ au Québec","isPartOf":{"@id":"https://inclusion-lgbtq2.ca/en/#website"},"datePublished":"2022-04-27T19:54:12+00:00","dateModified":"2022-05-06T13:16:51+00:00","description":"Trouvez une activité de formation ou de sensibilisation sur les enjeux LGBTQ2+ adaptée à votre milieu et à vos besoins!","breadcrumb":{"@id":"https://inclusion-lgbtq2.ca/en/formation/atelier-de-sensibilisation-aux-experiences-des-hommes-trans-et-personnes-transmasculines/#breadcrumb"},"inLanguage":"en-US","potentialAction":[{"@type":"ReadAction","target":["https://inclusion-lgbtq2.ca/en/formation/atelier-de-sensibilisation-aux-experiences-des-hommes-trans-et-personnes-transmasculines/"]}]},{"@type":"BreadcrumbList","@id":"https://inclusion-lgbtq2.ca/en/formation/atelier-de-sensibilisation-aux-experiences-des-hommes-trans-et-personnes-transmasculines/#breadcrumb","itemListElement":[{"@type":"ListItem","position":1,"name":"Accueil","item":"https://inclusion-lgbtq2.ca/en/"},{"@type":"ListItem","position":2,"name":"Atelier de sensibilisation aux expériences des hommes trans et personnes transmasculines"}]},{"@type":"WebSite","@id":"https://inclusion-lgbtq2.ca/en/#website","url":"https://inclusion-lgbtq2.ca/en/","name":"Inclusion LGBTQ2+","description":"Le répertoire des activités de formation et de sensibilisation aux réalités LGBTQ2+ au Québec","publisher":{"@id":"https://inclusion-lgbtq2.ca/en/#organization"},"potentialAction":[{"@type":"SearchAction","target":{"@type":"EntryPoint","urlTemplate":"https://inclusion-lgbtq2.ca/en/?s={search_term_string}"},"query-input":{"@type":"PropertyValueSpecification","valueRequired":true,"valueName":"search_term_string"}}],"inLanguage":"en-US"},{"@type":"Organization","@id":"https://inclusion-lgbtq2.ca/en/#organization","name":"Inclusion LGBTQ2+","url":"https://inclusion-lgbtq2.ca/en/","logo":{"@type":"ImageObject","inLanguage":"en-US","@id":"https://inclusion-lgbtq2.ca/en/#/schema/logo/image/","url":"https://inclusion-lgbtq2.ca/wp-content/uploads/2022/04/Inclusion-LGBTQ2_Noir_RVB-1.svg","contentUrl":"https://inclusion-lgbtq2.ca/wp-content/uploads/2022/04/Inclusion-LGBTQ2_Noir_RVB-1.svg","width":"1024","height":"1024","caption":"Inclusion LGBTQ2+"},"image":{"@id":"https://inclusion-lgbtq2.ca/en/#/schema/logo/image/"},"sameAs":["https://www.facebook.com/CQLGBT","https://www.instagram.com/conseilquebecoislgbt/","https://www.linkedin.com/company/cq-lgbt/?viewAsMember=true"]}]}</script>
<!-- / Yoast SEO plugin. -->

Inclusion LGBTQ2+ | Formation et sensibilisation LGBTQ2+ au Québec

Trouvez une activité de formation ou de sensibilisation sur les enjeux LGBTQ2+ adaptée à votre milieu et à vos besoins!

Le répertoire des activités de formation et de sensibilisation aux réalités LGBTQ2+ au Québec
